{"id":6,"date":"2022-05-02T02:25:14","date_gmt":"2022-05-02T02:25:14","guid":{"rendered":"http:\/\/10.16.30.28\/www.redlidep.uda.cl\/?page_id=6"},"modified":"2025-11-19T21:29:42","modified_gmt":"2025-11-19T21:29:42","slug":"inicio","status":"publish","type":"page","link":"https:\/\/www.redlidep.uda.cl\/","title":{"rendered":"inicio"},"content":{"rendered":"<p><div class=\"et_pb_with_border et_d4_element et_pb_section et_pb_section_0  et_pb_css_mix_blend_mode et_section_regular section_has_divider et_pb_bottom_divider et_block_section\" >\n\t\t\t\t\n\t\t\t\t\n\t\t\t\t\n\t\t\t\t\n\t\t\t\t\n\t\t\t\t\n\t\t\t\t<div class=\"et_d4_element et_pb_row et_pb_row_0  et_pb_css_mix_blend_mode et_block_row\">\n\t\t\t\t<div class=\"et_d4_element et_pb_column_4_4 et_pb_column et_pb_column_0  et_pb_css_mix_blend_mode et-last-child et_block_column\">\n\t\t\t\t\n\t\t\t\t\n\t\t\t\t\n\t\t\t\t\n\t\t\t\t<div class=\"et_pb_module et_d4_element et_pb_slider et_pb_slider_0 et_pb_slider_fullwidth_off et_slider_auto et_slider_speed_7000 et_slider_auto_ignore_hover\">\n\t\t\t\t<div class=\"et_pb_slides\">\n\t\t\t\t\t<div class=\"et_d4_element et_pb_slide et_pb_slide_0 et_clickable  et_pb_css_mix_blend_mode et_pb_bg_layout_dark et_pb_slide_with_image et_pb_media_alignment_center et-pb-active-slide\" data-slide-id=\"et_pb_slide_0\">\n\t\t\t\t\n\t\t\t\t\n\t\t\t\t<div class=\"et_pb_container clearfix\">\n\t\t\t\t\t<div class=\"et_pb_slider_container_inner\">\n\t\t\t\t\t\t<div class=\"et_pb_slide_image\"><img loading=\"lazy\" decoding=\"async\" width=\"1131\" height=\"1600\" src=\"http:\/\/www.redlidep.uda.cl\/wp-content\/uploads\/2025\/11\/Foro-Viii.jpg\" alt=\"\" class=\"wp-image-534\" \/><\/div>\n\t\t\t\t\t\t<div class=\"et_pb_slide_description\">\n\t\t\t\t\t\t\t<h2 class=\"et_pb_slide_title\"><a href=\"http:\/\/www.redlidep.uda.cl\/index.php\/2025\/11\/12\/viii-encuentro-de-la-red-latinoamericana-de-investigacion-sobre-desarrollo-del-pensamiento-redlidep\/\">VIII Encuentro de la Red Latinoamericana de Investigaci\u00f3n sobre Desarrollo del Pensamiento - RedLidep<\/a><\/h2>\n\t\t\t\t\t\t\t<div class=\"et_pb_button_wrapper\"><a class=\"et_pb_button et_pb_more_button\" href=\"http:\/\/www.redlidep.uda.cl\/index.php\/2025\/11\/12\/viii-encuentro-de-la-red-latinoamericana-de-investigacion-sobre-desarrollo-del-pensamiento-redlidep\/\">M\u00e1s Informaci\u00f3n Aqu\u00ed<\/a><\/div>\n\t\t\t\t\t\t<\/div>\n\t\t\t\t\t<\/div>\n\t\t\t\t<\/div>\n\t\t\t\t\n\t\t\t\t\n\t\t\t\t\n\t\t\t<\/div>\n\t\t\t<div class=\"et_d4_element et_pb_slide et_pb_slide_1  et_pb_css_mix_blend_mode et_pb_bg_layout_dark et_pb_slide_with_image et_pb_media_alignment_center\" data-slide-id=\"et_pb_slide_1\">\n\t\t\t\t\n\t\t\t\t\n\t\t\t\t<div class=\"et_pb_container clearfix\">\n\t\t\t\t\t<div class=\"et_pb_slider_container_inner\">\n\t\t\t\t\t\t<div class=\"et_pb_slide_image\"><img loading=\"lazy\" decoding=\"async\" width=\"908\" height=\"1280\" src=\"http:\/\/www.redlidep.uda.cl\/wp-content\/uploads\/2025\/04\/VII-encuentro-RedLidep.jpg\" alt=\"\" class=\"wp-image-489\" data-et-multi-view=\"{&quot;schema&quot;:{&quot;attrs&quot;:{&quot;desktop&quot;:{&quot;src&quot;:&quot;http:\\\/\\\/www.redlidep.uda.cl\\\/wp-content\\\/uploads\\\/2025\\\/04\\\/VII-encuentro-RedLidep.jpg&quot;,&quot;alt&quot;:&quot;&quot;,&quot;class&quot;:&quot;wp-image-489&quot;},&quot;hover&quot;:{&quot;src&quot;:&quot;http:\\\/\\\/www.redlidep.uda.cl\\\/index.php\\\/2024\\\/10\\\/22\\\/vi-encuentro-redlidep\\\/?et_fb=1&#038;PageSpeed=off&quot;}},&quot;target&quot;:&quot;&quot;,&quot;hover_selector&quot;:&quot;&quot;},&quot;slug&quot;:&quot;et_pb_slide&quot;}\" \/><\/div>\n\t\t\t\t\t\t<div class=\"et_pb_slide_description\">\n\t\t\t\t\t\t\t<h2 class=\"et_pb_slide_title\"><a href=\"http:\/\/www.redlidep.uda.cl\/index.php\/2025\/04\/09\/vii-encuentro-redlidep\/\">VII Encuentro de la RedLidep<\/a><\/h2>\n\t\t\t\t\t\t\t<div class=\"et_pb_button_wrapper\"><a class=\"et_pb_button et_pb_more_button\" href=\"http:\/\/www.redlidep.uda.cl\/index.php\/2025\/04\/09\/vii-encuentro-redlidep\/\">M\u00e1s Informaci\u00f3n Aqu\u00ed<\/a><\/div>\n\t\t\t\t\t\t<\/div>\n\t\t\t\t\t<\/div>\n\t\t\t\t<\/div>\n\t\t\t\t\n\t\t\t\t\n\t\t\t\t\n\t\t\t<\/div>\n\t\t\t<div class=\"et_d4_element et_pb_slide et_pb_slide_2 et_clickable  et_pb_css_mix_blend_mode et_pb_bg_layout_dark et_pb_slide_with_image et_pb_media_alignment_center\" data-slide-id=\"et_pb_slide_2\">\n\t\t\t\t\n\t\t\t\t\n\t\t\t\t<div class=\"et_pb_container clearfix\">\n\t\t\t\t\t<div class=\"et_pb_slider_container_inner\">\n\t\t\t\t\t\t<div class=\"et_pb_slide_image\"><img loading=\"lazy\" decoding=\"async\" width=\"1240\" height=\"1748\" src=\"http:\/\/www.redlidep.uda.cl\/wp-content\/uploads\/2024\/10\/25-de-octubre-VI-Encuentro-RedLidep.png\" alt=\"\" class=\"wp-image-416\" \/><\/div>\n\t\t\t\t\t\t<div class=\"et_pb_slide_description\">\n\t\t\t\t\t\t\t<h2 class=\"et_pb_slide_title\"><a href=\"http:\/\/www.redlidep.uda.cl\/index.php\/2024\/10\/22\/vi-encuentro-redlidep\/\">VI Encuentro de la RedLidep<\/a><\/h2>\n\t\t\t\t\t\t\t<div class=\"et_pb_button_wrapper\"><a class=\"et_pb_button et_pb_more_button\" href=\"http:\/\/www.redlidep.uda.cl\/index.php\/2024\/10\/22\/vi-encuentro-redlidep\/\">M\u00e1s Informaci\u00f3n Aqu\u00ed<\/a><\/div>\n\t\t\t\t\t\t<\/div>\n\t\t\t\t\t<\/div>\n\t\t\t\t<\/div>\n\t\t\t\t\n\t\t\t\t\n\t\t\t\t\n\t\t\t<\/div>\n\t\t\t<div class=\"et_d4_element et_pb_slide et_pb_slide_3 et_clickable  et_pb_css_mix_blend_mode et_pb_bg_layout_dark et_pb_slide_with_image et_pb_media_alignment_center\" data-slide-id=\"et_pb_slide_3\">\n\t\t\t\t\n\t\t\t\t\n\t\t\t\t<div class=\"et_pb_container clearfix\">\n\t\t\t\t\t<div class=\"et_pb_slider_container_inner\">\n\t\t\t\t\t\t<div class=\"et_pb_slide_image\"><img loading=\"lazy\" decoding=\"async\" width=\"1240\" height=\"1748\" src=\"http:\/\/www.redlidep.uda.cl\/wp-content\/uploads\/2024\/10\/24-de-octubre-VI-Encuentro-RedLidep.png\" alt=\"\" class=\"wp-image-411\" \/><\/div>\n\t\t\t\t\t\t<div class=\"et_pb_slide_description\">\n\t\t\t\t\t\t\t<h2 class=\"et_pb_slide_title\"><a href=\"http:\/\/www.redlidep.uda.cl\/index.php\/2024\/10\/22\/i-foro-de-experiencias-de-investigacion-en-psicologia-en-el-marco-del-vi-encuentro-de-la-redlidep\/\">I Foro de Experiencias de Investigaci\u00f3n en Psicolog\u00eda<\/a><\/h2>\n\t\t\t\t\t\t\t<div class=\"et_pb_button_wrapper\"><a class=\"et_pb_button et_pb_more_button\" href=\"http:\/\/www.redlidep.uda.cl\/index.php\/2024\/10\/22\/i-foro-de-experiencias-de-investigacion-en-psicologia-en-el-marco-del-vi-encuentro-de-la-redlidep\/\">M\u00e1s Informaci\u00f3n Aqu\u00ed<\/a><\/div>\n\t\t\t\t\t\t<\/div>\n\t\t\t\t\t<\/div>\n\t\t\t\t<\/div>\n\t\t\t\t\n\t\t\t\t\n\t\t\t\t\n\t\t\t<\/div>\n\t\t\t<div class=\"et_d4_element et_pb_slide et_pb_slide_4 et_clickable  et_pb_css_mix_blend_mode et_pb_bg_layout_dark et_pb_slide_with_image et_pb_media_alignment_center\" data-slide-id=\"et_pb_slide_4\">\n\t\t\t\t\n\t\t\t\t\n\t\t\t\t<div class=\"et_pb_container clearfix\">\n\t\t\t\t\t<div class=\"et_pb_slider_container_inner\">\n\t\t\t\t\t\t<div class=\"et_pb_slide_image\"><img loading=\"lazy\" decoding=\"async\" width=\"908\" height=\"1280\" src=\"http:\/\/www.redlidep.uda.cl\/wp-content\/uploads\/2024\/04\/WhatsApp-Image-2024-04-12-at-11.14.17.jpeg\" alt=\"\" class=\"wp-image-399\" \/><\/div>\n\t\t\t\t\t\t<div class=\"et_pb_slide_description\">\n\t\t\t\t\t\t\t<h2 class=\"et_pb_slide_title\"><a href=\"http:\/\/www.redlidep.uda.cl\/index.php\/2024\/04\/12\/v-encuentro-redlidep\/\">V Encuentro RedLidep<\/a><\/h2>\n\t\t\t\t\t\t\t<div class=\"et_pb_button_wrapper\"><a class=\"et_pb_button et_pb_more_button\" href=\"http:\/\/www.redlidep.uda.cl\/index.php\/2024\/04\/12\/v-encuentro-redlidep\/\">M\u00e1s Informaci\u00f3n Aqu\u00ed<\/a><\/div>\n\t\t\t\t\t\t<\/div>\n\t\t\t\t\t<\/div>\n\t\t\t\t<\/div>\n\t\t\t\t\n\t\t\t\t\n\t\t\t\t\n\t\t\t<\/div>\n\t\t\t<div class=\"et_d4_element et_pb_slide et_pb_slide_5  et_pb_css_mix_blend_mode et_pb_bg_layout_dark et_pb_media_alignment_center\" data-slide-id=\"et_pb_slide_5\">\n\t\t\t\t\n\t\t\t\t\n\t\t\t\t<div class=\"et_pb_container clearfix\">\n\t\t\t\t\t<div class=\"et_pb_slider_container_inner\">\n\t\t\t\t\t\t\n\t\t\t\t\t\t<div class=\"et_pb_slide_description\">\n\t\t\t\t\t\t\t\n\t\t\t\t\t\t\t\n\t\t\t\t\t\t<\/div>\n\t\t\t\t\t<\/div>\n\t\t\t\t<\/div>\n\t\t\t\t\n\t\t\t\t\n\t\t\t\t\n\t\t\t<\/div>\n\t\t\t<div class=\"et_d4_element et_pb_slide et_pb_slide_6  et_pb_css_mix_blend_mode et_pb_bg_layout_dark et_pb_slide_with_image et_pb_media_alignment_center\" data-slide-id=\"et_pb_slide_6\">\n\t\t\t\t\n\t\t\t\t\n\t\t\t\t<div class=\"et_pb_container clearfix\">\n\t\t\t\t\t<div class=\"et_pb_slider_container_inner\">\n\t\t\t\t\t\t<div class=\"et_pb_slide_image\"><img loading=\"lazy\" decoding=\"async\" width=\"447\" height=\"289\" src=\"http:\/\/www.redlidep.uda.cl\/wp-content\/uploads\/2022\/05\/RedLidep-2.jpeg\" alt=\"\" srcset=\"http:\/\/www.redlidep.uda.cl\/wp-content\/uploads\/2022\/05\/RedLidep-2.jpeg 447w, http:\/\/www.redlidep.uda.cl\/wp-content\/uploads\/2022\/05\/RedLidep-2-300x194.jpeg 300w\" sizes=\"(max-width: 447px) 100vw, 447px\" class=\"wp-image-161\" \/><\/div>\n\t\t\t\t\t\t<div class=\"et_pb_slide_description\">\n\t\t\t\t\t\t\t<h2 class=\"et_pb_slide_title\">RedLidep<\/h2>\n\t\t\t\t\t\t\t\n\t\t\t\t\t\t<\/div>\n\t\t\t\t\t<\/div>\n\t\t\t\t<\/div>\n\t\t\t\t\n\t\t\t\t\n\t\t\t\t\n\t\t\t<\/div>\n\t\t\t\n\t\t\t\t<\/div>\n\t\t\t\t\n\t\t\t<\/div>\n\t\t\t\n\t\t\t<\/div>\n\t\t\t\t\n\t\t\t\t\n\t\t\t\t\n\t\t\t\t\n\t\t\t<\/div>\n\t\t\t\t\n\t\t\t\t<div class=\"et_pb_bottom_inside_divider et-no-transition\"><\/div>\n\t\t\t<\/div><div class=\"et_pb_with_border et_d4_element et_pb_section et_pb_section_1  et_pb_css_mix_blend_mode et_section_regular section_has_divider et_pb_bottom_divider et_block_section\" >\n\t\t\t\t\n\t\t\t\t\n\t\t\t\t\n\t\t\t\t\n\t\t\t\t\n\t\t\t\t\n\t\t\t\t<div class=\"et_d4_element et_pb_row et_pb_row_1  et_pb_css_mix_blend_mode et_block_row\">\n\t\t\t\t<div class=\"et_d4_element et_pb_column_4_4 et_pb_column et_pb_column_1  et_pb_css_mix_blend_mode et-last-child et_block_column\">\n\t\t\t\t\n\t\t\t\t\n\t\t\t\t\n\t\t\t\t\n\t\t\t\t<div class=\"et_pb_module et_d4_element et_pb_text et_pb_text_0  et_pb_text_align_left et_pb_bg_layout_light\">\n\t\t\t\t\n\t\t\t\t\n\t\t\t\t\n\t\t\t\t\n\t\t\t\t<div class=\"et_pb_text_inner\"><p style=\"text-align: center;\">Zonas Horarias<\/p><\/div>\n\t\t\t<\/div>\n\t\t\t<\/div>\n\t\t\t\t\n\t\t\t\t\n\t\t\t\t\n\t\t\t\t\n\t\t\t<\/div><div class=\"et_d4_element et_pb_row et_pb_row_2  et_pb_css_mix_blend_mode et_block_row\">\n\t\t\t\t<div class=\"et_d4_element et_pb_column_1_4 et_pb_column et_pb_column_2  et_pb_css_mix_blend_mode et_block_column\">\n\t\t\t\t\n\t\t\t\t\n\t\t\t\t\n\t\t\t\t\n\t\t\t\t<div class=\"et_pb_module et_d4_element et_pb_code et_pb_code_0\">\n\t\t\t\t\n\t\t\t\t\n\t\t\t\t\n\t\t\t\t\n\t\t\t\t<div class=\"et_pb_code_inner\"><div style=\"text-align:center;padding:1em 0;\"><h3><a style=\"text-decoration:none;\" href=\"https:\/\/www.zeitverschiebung.net\/es\/city\/3871336\"><span style=\"color:gray;\">Hora actual en<\/span><br \/>Santiago, Chile<\/a><\/h3> <iframe loading=\"lazy\" src=\"https:\/\/www.zeitverschiebung.net\/clock-widget-iframe-v2?language=es&size=medium&timezone=America%2FSantiago\" width=\"80%\" height=\"115\" frameborder=\"0\" seamless><\/iframe> <\/div><\/div>\n\t\t\t<\/div>\n\t\t\t<\/div><div class=\"et_d4_element et_pb_column_1_4 et_pb_column et_pb_column_3  et_pb_css_mix_blend_mode et_block_column\">\n\t\t\t\t\n\t\t\t\t\n\t\t\t\t\n\t\t\t\t\n\t\t\t\t<div class=\"et_pb_module et_d4_element et_pb_code et_pb_code_1\">\n\t\t\t\t\n\t\t\t\t\n\t\t\t\t\n\t\t\t\t\n\t\t\t\t<div class=\"et_pb_code_inner\"><div style=\"text-align:center;padding:1em 0;\"><h3><a style=\"text-decoration:none;\" href=\"https:\/\/www.zeitverschiebung.net\/es\/city\/3688689\"><span style=\"color:gray;\">Hora actual en<\/span><br \/>Bogot\u00e1, Colombia<\/a><\/h3> <iframe loading=\"lazy\" src=\"https:\/\/www.zeitverschiebung.net\/clock-widget-iframe-v2?language=es&size=medium&timezone=America%2FBogota\" width=\"80%\" height=\"115\" frameborder=\"0\" seamless><\/iframe> <\/div><\/div>\n\t\t\t<\/div>\n\t\t\t<\/div><div class=\"et_d4_element et_pb_column_1_4 et_pb_column et_pb_column_4  et_pb_css_mix_blend_mode et_block_column\">\n\t\t\t\t\n\t\t\t\t\n\t\t\t\t\n\t\t\t\t\n\t\t\t\t<div class=\"et_pb_module et_d4_element et_pb_code et_pb_code_2\">\n\t\t\t\t\n\t\t\t\t\n\t\t\t\t\n\t\t\t\t\n\t\t\t\t<div class=\"et_pb_code_inner\"><div style=\"text-align:center;padding:1em 0;\"><h3><a style=\"text-decoration:none;\" href=\"https:\/\/www.zeitverschiebung.net\/es\/city\/3530597\"><span style=\"color:gray;\">Hora actual en<\/span><br \/>Mexico City, M\u00e9xico<\/a><\/h3> <iframe loading=\"lazy\" src=\"https:\/\/www.zeitverschiebung.net\/clock-widget-iframe-v2?language=es&size=medium&timezone=America%2FMexico_City\" width=\"80%\" height=\"120\" frameborder=\"0\" seamless><\/iframe> <\/div><\/div>\n\t\t\t<\/div>\n\t\t\t<\/div><div class=\"et_d4_element et_pb_column_1_4 et_pb_column et_pb_column_5  et_pb_css_mix_blend_mode et-last-child et_block_column\">\n\t\t\t\t\n\t\t\t\t\n\t\t\t\t\n\t\t\t\t\n\t\t\t\t<div class=\"et_pb_module et_d4_element et_pb_code et_pb_code_3\">\n\t\t\t\t\n\t\t\t\t\n\t\t\t\t\n\t\t\t\t\n\t\t\t\t<div class=\"et_pb_code_inner\"><div style=\"text-align:center;padding:1em 0;\"><h3><a style=\"text-decoration:none;\" href=\"https:\/\/www.zeitverschiebung.net\/es\/timezone\/europe--madrid\"><span style=\"color:gray;\">Hora actual en<\/span><br \/>Madrid\/Espa\u00f1a<\/a><\/h3> <iframe loading=\"lazy\" src=\"https:\/\/www.zeitverschiebung.net\/clock-widget-iframe-v2?language=es&size=medium&timezone=Europe%2FMadrid\" width=\"80%\" height=\"115\" frameborder=\"0\" seamless><\/iframe> <\/div><\/div>\n\t\t\t<\/div>\n\t\t\t<\/div>\n\t\t\t\t\n\t\t\t\t\n\t\t\t\t\n\t\t\t\t\n\t\t\t<\/div><div class=\"et_d4_element et_pb_row et_pb_row_3  et_pb_css_mix_blend_mode et_block_row\">\n\t\t\t\t<div class=\"et_d4_element et_pb_column_1_4 et_pb_column et_pb_column_6  et_pb_css_mix_blend_mode et_block_column et_pb_column_empty\">\n\t\t\t\t\n\t\t\t\t\n\t\t\t\t\n\t\t\t\t\n\t\t\t\t\n\t\t\t<\/div><div class=\"et_d4_element et_pb_column_1_4 et_pb_column et_pb_column_7  et_pb_css_mix_blend_mode et_block_column\">\n\t\t\t\t\n\t\t\t\t\n\t\t\t\t\n\t\t\t\t\n\t\t\t\t<div class=\"et_pb_module et_d4_element et_pb_code et_pb_code_4\">\n\t\t\t\t\n\t\t\t\t\n\t\t\t\t\n\t\t\t\t\n\t\t\t\t<div class=\"et_pb_code_inner\"><div style=\"text-align:center;padding:1em 0;\"><h3><a style=\"text-decoration:none;\" href=\"https:\/\/www.zeitverschiebung.net\/es\/city\/3435910\"><span style=\"color:gray;\">Hora actual en<\/span><br \/>Buenos Aires, Argentina<\/a><\/h3> <iframe loading=\"lazy\" src=\"https:\/\/www.zeitverschiebung.net\/clock-widget-iframe-v2?language=es&size=medium&timezone=America%2FArgentina%2FBuenos_Aires\" width=\"80%\" height=\"115\" frameborder=\"0\" seamless><\/iframe> <\/div><\/div>\n\t\t\t<\/div>\n\t\t\t<\/div><div class=\"et_d4_element et_pb_column_1_4 et_pb_column et_pb_column_8  et_pb_css_mix_blend_mode et_block_column\">\n\t\t\t\t\n\t\t\t\t\n\t\t\t\t\n\t\t\t\t\n\t\t\t\t<div class=\"et_pb_module et_d4_element et_pb_code et_pb_code_5\">\n\t\t\t\t\n\t\t\t\t\n\t\t\t\t\n\t\t\t\t\n\t\t\t\t<div class=\"et_pb_code_inner\"><div style=\"text-align:center;padding:1em 0;\"><h3><a style=\"text-decoration:none;\" href=\"https:\/\/www.zeitverschiebung.net\/es\/city\/3469058\"><span style=\"color:gray;\">Hora actual en<\/span><br \/>Bras\u00edlia, Brasil<\/a><\/h3> <iframe loading=\"lazy\" src=\"https:\/\/www.zeitverschiebung.net\/clock-widget-iframe-v2?language=es&size=medium&timezone=America%2FSao_Paulo\" width=\"80%\" height=\"115\" frameborder=\"0\" seamless><\/iframe> <\/div><\/div>\n\t\t\t<\/div>\n\t\t\t<\/div><div class=\"et_d4_element et_pb_column_1_4 et_pb_column et_pb_column_9  et_pb_css_mix_blend_mode et-last-child et_block_column et_pb_column_empty\">\n\t\t\t\t\n\t\t\t\t\n\t\t\t\t\n\t\t\t\t\n\t\t\t\t\n\t\t\t<\/div>\n\t\t\t\t\n\t\t\t\t\n\t\t\t\t\n\t\t\t\t\n\t\t\t<\/div><div class=\"et_d4_element et_pb_row et_pb_row_4  et_pb_css_mix_blend_mode et_block_row\">\n\t\t\t\t<div class=\"et_d4_element et_pb_column_4_4 et_pb_column et_pb_column_10  et_pb_css_mix_blend_mode et-last-child et_block_column\">\n\t\t\t\t\n\t\t\t\t\n\t\t\t\t\n\t\t\t\t\n\t\t\t\t<div class=\"et_pb_module et_d4_element et_pb_text et_pb_text_1 et_clickable  et_pb_text_align_left et_pb_bg_layout_light\">\n\t\t\t\t\n\t\t\t\t\n\t\t\t\t\n\t\t\t\t\n\t\t\t\t<div class=\"et_pb_text_inner\"><p style=\"text-align: center;\">Averigua tu zona horaria aqu\u00ed<\/p><\/div>\n\t\t\t<\/div>\n\t\t\t<\/div>\n\t\t\t\t\n\t\t\t\t\n\t\t\t\t\n\t\t\t\t\n\t\t\t<\/div>\n\t\t\t\t\n\t\t\t\t<div class=\"et_pb_bottom_inside_divider et-no-transition\"><\/div>\n\t\t\t<\/div><div class=\"et_d4_element et_pb_section et_pb_section_2  et_pb_css_mix_blend_mode et_section_regular section_has_divider et_pb_bottom_divider et_block_section\" >\n\t\t\t\t\n\t\t\t\t\n\t\t\t\t\n\t\t\t\t\n\t\t\t\t\n\t\t\t\t\n\t\t\t\t<div class=\"et_d4_element et_pb_row et_pb_row_5  et_pb_css_mix_blend_mode et_block_row\">\n\t\t\t\t<div class=\"et_d4_element et_pb_column_4_4 et_pb_column et_pb_column_11  et_pb_css_mix_blend_mode et-last-child et_block_column\">\n\t\t\t\t\n\t\t\t\t\n\t\t\t\t\n\t\t\t\t\n\t\t\t\t<div class=\"et_pb_module et_d4_element et_pb_text et_pb_text_2  et_pb_text_align_left et_pb_bg_layout_light\">\n\t\t\t\t\n\t\t\t\t\n\t\t\t\t\n\t\t\t\t\n\t\t\t\t<div class=\"et_pb_text_inner\"><p style=\"text-align: center;\">\u00daltimas Noticias<\/p><\/div>\n\t\t\t<\/div><div class=\"et_pb_module et_d4_element et_pb_blog_0 aulamedia_blog  et_pb_css_mix_blend_mode et_pb_posts et_pb_bg_layout_light \">\n\t\t\t\t\n\t\t\t\t\n\t\t\t\t\n\t\t\t\t\n\t\t\t\t<div class=\"et_pb_ajax_pagination_container\">\n\t\t\t\t\t\n\t\t\t<article id=\"post-531\" class=\"et_pb_post clearfix et_pb_blog_item_0_0 post-531 post type-post status-publish format-standard has-post-thumbnail hentry category-noticiasredlidep\">\n\n\t\t\t\t<a href=\"https:\/\/www.redlidep.uda.cl\/index.php\/2025\/11\/12\/viii-encuentro-de-la-red-latinoamericana-de-investigacion-sobre-desarrollo-del-pensamiento-redlidep\/\" class=\"entry-featured-image-url\"><img loading=\"lazy\" decoding=\"async\" src=\"https:\/\/www.redlidep.uda.cl\/wp-content\/uploads\/2025\/11\/Foro-Viii.jpg\" alt=\"VIII Encuentro de la Red Latinoamericana de Investigaci\u00f3n sobre Desarrollo del Pensamiento &#8211; RedLidep\" class=\"\" width=\"1080\" height=\"675\" \/><\/a>\n\t\t\t\t\t\t\t\t\t\t\t\t\t\t<h2 class=\"entry-title\">\n\t\t\t\t\t\t\t\t\t\t\t\t\t<a href=\"https:\/\/www.redlidep.uda.cl\/index.php\/2025\/11\/12\/viii-encuentro-de-la-red-latinoamericana-de-investigacion-sobre-desarrollo-del-pensamiento-redlidep\/\">VIII Encuentro de la Red Latinoamericana de Investigaci\u00f3n sobre Desarrollo del Pensamiento &#8211; RedLidep<\/a>\n\t\t\t\t\t\t\t\t\t\t\t<\/h2>\n\t\t\t\t\n\t\t\t\t\t<p class=\"post-meta\">por <span class=\"author vcard\"><a href=\"https:\/\/www.redlidep.uda.cl\/index.php\/author\/sitioredlidep\/\" title=\"Entradas de sitioredlidep\" rel=\"author\">sitioredlidep<\/a><\/span> | <span class=\"published\">Nov 12, 2025<\/span> | <a href=\"https:\/\/www.redlidep.uda.cl\/index.php\/category\/noticiasredlidep\/\" rel=\"tag\">noticiasredlidep<\/a><\/p><div class=\"post-content\"><div class=\"post-content-inner\"><p>Extendemos la cordial invitaci\u00f3n al VIII Encuentro de la Red Latinoamericana de Investigaci\u00f3n sobre Desarrollo del Pensamiento - RedLidep, el cual se realizar\u00e1 en el marco del Congreso Internacional Desaf\u00edos de la Psicolog\u00eda 2025: Transformaci\u00f3n e innovaci\u00f3n en la...<\/p>\n<\/div><\/div>\t\t\t\n\t\t\t<\/article>\n\t\t\t\t\n\t\t\t<article id=\"post-471\" class=\"et_pb_post clearfix et_pb_blog_item_0_1 post-471 post type-post status-publish format-standard has-post-thumbnail hentry category-noticiasredlidep\">\n\n\t\t\t\t<a href=\"https:\/\/www.redlidep.uda.cl\/index.php\/2025\/04\/09\/vii-encuentro-redlidep\/\" class=\"entry-featured-image-url\"><img loading=\"lazy\" decoding=\"async\" src=\"https:\/\/www.redlidep.uda.cl\/wp-content\/uploads\/2025\/04\/VII-encuentro-RedLidep.jpg\" alt=\"VII Encuentro RedLidep\" class=\"\" width=\"1080\" height=\"675\" \/><\/a>\n\t\t\t\t\t\t\t\t\t\t\t\t\t\t<h2 class=\"entry-title\">\n\t\t\t\t\t\t\t\t\t\t\t\t\t<a href=\"https:\/\/www.redlidep.uda.cl\/index.php\/2025\/04\/09\/vii-encuentro-redlidep\/\">VII Encuentro RedLidep<\/a>\n\t\t\t\t\t\t\t\t\t\t\t<\/h2>\n\t\t\t\t\n\t\t\t\t\t<p class=\"post-meta\">por <span class=\"author vcard\"><a href=\"https:\/\/www.redlidep.uda.cl\/index.php\/author\/sitioredlidep\/\" title=\"Entradas de sitioredlidep\" rel=\"author\">sitioredlidep<\/a><\/span> | <span class=\"published\">Abr 9, 2025<\/span> | <a href=\"https:\/\/www.redlidep.uda.cl\/index.php\/category\/noticiasredlidep\/\" rel=\"tag\">noticiasredlidep<\/a><\/p><div class=\"post-content\"><div class=\"post-content-inner\"><p>Este mi\u00e9rcoles 30 de abril se llevar\u00e1 a cabo el VII Encuentro de la RedLidep. Para ello, se contar\u00e1 con una conferencia internacional abierta al p\u00fablico a cargo del Doctor Carlos Saiz S\u00e1nchez, as\u00ed como un espacio de encuentro de los Socios de la Red. Fecha: Miercoles...<\/p>\n<\/div><\/div>\t\t\t\n\t\t\t<\/article>\n\t\t\t\t\n\t\t\t<article id=\"post-418\" class=\"et_pb_post clearfix et_pb_blog_item_0_2 post-418 post type-post status-publish format-standard has-post-thumbnail hentry category-noticiasredlidep\">\n\n\t\t\t\t<a href=\"https:\/\/www.redlidep.uda.cl\/index.php\/2024\/10\/22\/vi-encuentro-redlidep\/\" class=\"entry-featured-image-url\"><img loading=\"lazy\" decoding=\"async\" src=\"https:\/\/www.redlidep.uda.cl\/wp-content\/uploads\/2024\/10\/25-de-octubre-VI-Encuentro-RedLidep.png\" alt=\"VI Encuentro Redlidep\" class=\"\" width=\"1080\" height=\"675\" \/><\/a>\n\t\t\t\t\t\t\t\t\t\t\t\t\t\t<h2 class=\"entry-title\">\n\t\t\t\t\t\t\t\t\t\t\t\t\t<a href=\"https:\/\/www.redlidep.uda.cl\/index.php\/2024\/10\/22\/vi-encuentro-redlidep\/\">VI Encuentro Redlidep<\/a>\n\t\t\t\t\t\t\t\t\t\t\t<\/h2>\n\t\t\t\t\n\t\t\t\t\t<p class=\"post-meta\">por <span class=\"author vcard\"><a href=\"https:\/\/www.redlidep.uda.cl\/index.php\/author\/sitioredlidep\/\" title=\"Entradas de sitioredlidep\" rel=\"author\">sitioredlidep<\/a><\/span> | <span class=\"published\">Oct 22, 2024<\/span> | <a href=\"https:\/\/www.redlidep.uda.cl\/index.php\/category\/noticiasredlidep\/\" rel=\"tag\">noticiasredlidep<\/a><\/p><div class=\"post-content\"><div class=\"post-content-inner\"><p>Este jueves 25 de octubre se llevar\u00e1 a cabo el VI Encuentro de la RedLidep. Para ello, se contar\u00e1 con una conferencia internacional abierta al p\u00fablico a cargo del Doctor Eliseo Guajardo Ramos, as\u00ed como un espacio de encuentro de los Socios de la Red. Fecha:\u00a0Viernes 25...<\/p>\n<\/div><\/div>\t\t\t\n\t\t\t<\/article>\n\t\t\t\t\n\t\t\t<article id=\"post-409\" class=\"et_pb_post clearfix et_pb_blog_item_0_3 post-409 post type-post status-publish format-standard has-post-thumbnail hentry category-noticiasredlidep\">\n\n\t\t\t\t<a href=\"https:\/\/www.redlidep.uda.cl\/index.php\/2024\/10\/22\/i-foro-de-experiencias-de-investigacion-en-psicologia-en-el-marco-del-vi-encuentro-de-la-redlidep\/\" class=\"entry-featured-image-url\"><img loading=\"lazy\" decoding=\"async\" src=\"https:\/\/www.redlidep.uda.cl\/wp-content\/uploads\/2024\/10\/24-de-octubre-VI-Encuentro-RedLidep.png\" alt=\"I Foro de Experiencias de Investigaci\u00f3n en Psicolog\u00eda, en el marco del VI Encuentro de la RedLidep\" class=\"\" width=\"1080\" height=\"675\" \/><\/a>\n\t\t\t\t\t\t\t\t\t\t\t\t\t\t<h2 class=\"entry-title\">\n\t\t\t\t\t\t\t\t\t\t\t\t\t<a href=\"https:\/\/www.redlidep.uda.cl\/index.php\/2024\/10\/22\/i-foro-de-experiencias-de-investigacion-en-psicologia-en-el-marco-del-vi-encuentro-de-la-redlidep\/\">I Foro de Experiencias de Investigaci\u00f3n en Psicolog\u00eda, en el marco del VI Encuentro de la RedLidep<\/a>\n\t\t\t\t\t\t\t\t\t\t\t<\/h2>\n\t\t\t\t\n\t\t\t\t\t<p class=\"post-meta\">por <span class=\"author vcard\"><a href=\"https:\/\/www.redlidep.uda.cl\/index.php\/author\/sitioredlidep\/\" title=\"Entradas de sitioredlidep\" rel=\"author\">sitioredlidep<\/a><\/span> | <span class=\"published\">Oct 22, 2024<\/span> | <a href=\"https:\/\/www.redlidep.uda.cl\/index.php\/category\/noticiasredlidep\/\" rel=\"tag\">noticiasredlidep<\/a><\/p><div class=\"post-content\"><div class=\"post-content-inner\"><p>Este jueves 24 de octubre se llevar\u00e1 a cabo el I Foro de Experiencias de Investigaci\u00f3n en Psicolog\u00eda, en el marco del VI Encuentro de la RedLidep. Para ello, se contar\u00e1 con la participaci\u00f3n de socias de nuestra red.\u00a0 \u00a0 Fecha:\u00a0Jueves 24 de octubre Hora:\u00a011:00 hrs. M\u00e9x\/...<\/p>\n<\/div><\/div>\t\t\t\n\t\t\t<\/article>\n\t\t\t\t<div><div class=\"pagination clearfix\">\n\t<div class=\"alignleft\"><a href=\"https:\/\/www.redlidep.uda.cl\/index.php\/wp-json\/wp\/v2\/pages\/6\/page\/2\/?et_blog\" >&laquo; Entradas Anteriores<\/a><\/div>\n\t<div class=\"alignright\"><\/div>\n<\/div><\/div><\/div>\n\t\t\t\t<\/div>\n\t\t\t\t \n\t\t\t<\/div>\n\t\t\t\t\n\t\t\t\t\n\t\t\t\t\n\t\t\t\t\n\t\t\t<\/div>\n\t\t\t\t\n\t\t\t\t<div class=\"et_pb_bottom_inside_divider et-no-transition\"><\/div>\n\t\t\t<\/div><\/p>\n","protected":false},"excerpt":{"rendered":"","protected":false},"author":1,"featured_media":0,"parent":0,"menu_order":0,"comment_status":"closed","ping_status":"closed","template":"","meta":{"_et_pb_use_builder":"on","_et_pb_old_content":"","_et_gb_content_width":"","footnotes":""},"class_list":["post-6","page","type-page","status-publish","hentry"],"_links":{"self":[{"href":"https:\/\/www.redlidep.uda.cl\/index.php\/wp-json\/wp\/v2\/pages\/6","targetHints":{"allow":["GET"]}}],"collection":[{"href":"https:\/\/www.redlidep.uda.cl\/index.php\/wp-json\/wp\/v2\/pages"}],"about":[{"href":"https:\/\/www.redlidep.uda.cl\/index.php\/wp-json\/wp\/v2\/types\/page"}],"author":[{"embeddable":true,"href":"https:\/\/www.redlidep.uda.cl\/index.php\/wp-json\/wp\/v2\/users\/1"}],"replies":[{"embeddable":true,"href":"https:\/\/www.redlidep.uda.cl\/index.php\/wp-json\/wp\/v2\/comments?post=6"}],"version-history":[{"count":61,"href":"https:\/\/www.redlidep.uda.cl\/index.php\/wp-json\/wp\/v2\/pages\/6\/revisions"}],"predecessor-version":[{"id":556,"href":"https:\/\/www.redlidep.uda.cl\/index.php\/wp-json\/wp\/v2\/pages\/6\/revisions\/556"}],"wp:attachment":[{"href":"https:\/\/www.redlidep.uda.cl\/index.php\/wp-json\/wp\/v2\/media?parent=6"}],"curies":[{"name":"wp","href":"https:\/\/api.w.org\/{rel}","templated":true}]}}